{"id":147,"date":"2025-10-25T13:33:07","date_gmt":"2025-10-25T11:33:07","guid":{"rendered":"https:\/\/luciecortes.com\/?page_id=147"},"modified":"2025-12-04T19:39:32","modified_gmt":"2025-12-04T18:39:32","slug":"a-propos-lucie-cortes","status":"publish","type":"page","link":"https:\/\/luciecortes.com\/?page_id=147","title":{"rendered":"\u00c0 propos"},"content":{"rendered":"\t\t<div data-elementor-type=\"wp-page\" data-elementor-id=\"147\" class=\"elementor elementor-147\" data-elementor-post-type=\"page\">\n\t\t\t\t<div class=\"elementor-element elementor-element-2c812f74 e-con-full e-flex e-con e-parent\" data-id=\"2c812f74\" data-element_type=\"container\" data-settings=\"{&quot;background_background&quot;:&quot;classic&quot;,&quot;shape_divider_bottom&quot;:&quot;triangle-asymmetrical&quot;,&quot;shape_divider_bottom_negative&quot;:&quot;yes&quot;}\">\n\t\t\t\t<div class=\"elementor-shape elementor-shape-bottom\" aria-hidden=\"true\" data-negative=\"true\">\n\t\t\t<svg xmlns=\"http:\/\/www.w3.org\/2000\/svg\" viewBox=\"0 0 1000 100\" preserveAspectRatio=\"none\">\n\t<path class=\"elementor-shape-fill\" d=\"M737.9,94.7L0,0v100h1000V0L737.9,94.7z\"\/>\n<\/svg>\t\t<\/div>\n\t\t\t\t<div class=\"elementor-element elementor-element-7c4d5d92 elementor-widget elementor-widget-heading\" data-id=\"7c4d5d92\" data-element_type=\"widget\" data-widget_type=\"heading.default\">\n\t\t\t\t\t<h1 class=\"elementor-heading-title elementor-size-default\">Bienvenue dans mon univers !<\/h1>\t\t\t\t<\/div>\n\t\t\t\t<\/div>\n\t\t<div class=\"elementor-element elementor-element-5f261b52 e-flex e-con-boxed e-con e-parent\" data-id=\"5f261b52\" data-element_type=\"container\" data-settings=\"{&quot;background_background&quot;:&quot;classic&quot;,&quot;animation&quot;:&quot;none&quot;}\">\n\t\t\t\t\t<div class=\"e-con-inner\">\n\t\t<div class=\"elementor-element elementor-element-58de817 e-con-full e-flex elementor-invisible e-con e-child\" data-id=\"58de817\" data-element_type=\"container\" data-settings=\"{&quot;animation&quot;:&quot;fadeInUp&quot;}\">\n\t\t\t\t<div class=\"elementor-element elementor-element-2e3e185a elementor-widget elementor-widget-heading\" data-id=\"2e3e185a\" data-element_type=\"widget\" data-settings=\"{&quot;_animation&quot;:&quot;none&quot;}\" data-widget_type=\"heading.default\">\n\t\t\t\t\t<h2 class=\"elementor-heading-title elementor-size-default\">Je suis <b>Lucie<\/b>, Community Manager et Coach r\u00e9seaux sociaux <b>depuis + de 4 ans<\/b>.<\/h2>\t\t\t\t<\/div>\n\t\t\t\t<div class=\"elementor-element elementor-element-7ff0612b elementor-widget elementor-widget-text-editor\" data-id=\"7ff0612b\" data-element_type=\"widget\" data-settings=\"{&quot;_animation&quot;:&quot;none&quot;}\" data-widget_type=\"text-editor.default\">\n\t\t\t\t\t\t\t\t\t<p>Ces derni\u00e8res ann\u00e9es, j\u2019ai accompagn\u00e9 des <strong class=\"semi-bold\" style=\"color: #ff8cd1;\">professionnels<\/strong>\u00a0de tout horizon : instituts de beaut\u00e9, cliniques esth\u00e9tiques, centres de formation, infopreneurs (astrologue, love coach, agent immobilier, coach de vie\u2026) ou encore associations.<\/p><p>Aujourd\u2019hui, il me tient \u00e0 coeur de <strong class=\"semi-bold\">partager mon expertise<\/strong> \u00e0 toutes celles et ceux qui d\u00e9sirent une pr\u00e9sence digitale rassurante et magn\u00e9tique.<\/p>\t\t\t\t\t\t\t\t<\/div>\n\t\t\t\t<\/div>\n\t\t\t\t\t<\/div>\n\t\t\t\t<\/div>\n\t\t<div class=\"elementor-element elementor-element-289613b9 e-flex e-con-boxed e-con e-parent\" data-id=\"289613b9\" data-element_type=\"container\" data-settings=\"{&quot;background_background&quot;:&quot;classic&quot;}\">\n\t\t\t\t\t<div class=\"e-con-inner\">\n\t\t<div class=\"elementor-element elementor-element-4667072e e-con-full e-flex e-con e-child\" data-id=\"4667072e\" data-element_type=\"container\">\n\t\t\t\t<div class=\"elementor-element elementor-element-73acb446 elementor-widget elementor-widget-heading\" data-id=\"73acb446\" data-element_type=\"widget\" data-widget_type=\"heading.default\">\n\t\t\t\t\t<h3 class=\"elementor-heading-title elementor-size-default\">J\u2019aime m\u00ealer \u00e0 la fois \u201c<b>strat\u00e9gie<\/b>\u201d ET \u201c<b>soutien<\/b>\u201d.<\/h3>\t\t\t\t<\/div>\n\t\t\t\t<div class=\"elementor-element elementor-element-35fd8bc0 elementor-widget elementor-widget-text-editor\" data-id=\"35fd8bc0\" data-element_type=\"widget\" data-widget_type=\"text-editor.default\">\n\t\t\t\t\t\t\t\t\tParce que oui : je souhaite que chacun.e puisse se sentir <strong class=\"semi-bold\">\u00e9paul\u00e9.e et l\u00e9gitime dans la gestion de ses r\u00e9seaux sociaux<\/strong>, gr\u00e2ce \u00e0 un plan d\u2019action clair, une routine simple et une aide cr\u00e9ative.\t\t\t\t\t\t\t\t<\/div>\n\t\t\t\t<div class=\"elementor-element elementor-element-61baa9c elementor-widget elementor-widget-text-editor\" data-id=\"61baa9c\" data-element_type=\"widget\" data-widget_type=\"text-editor.default\">\n\t\t\t\t\t\t\t\t\tBref, je veux transformer tout ce qui te submerge aujourd\u2019hui <em>(l\u2019algorithme, les formats, l\u2019organisation\u2026)<\/em> en un <strong class=\"semi-bold\">facteur de r\u00e9ussite<\/strong> pour toi !\t\t\t\t\t\t\t\t<\/div>\n\t\t\t\t<\/div>\n\t\t\t\t<div class=\"elementor-element elementor-element-17124149 elementor-widget elementor-widget-image\" data-id=\"17124149\" data-element_type=\"widget\" data-widget_type=\"image.default\">\n\t\t\t\t\t\t\t\t\t\t\t\t\t\t\t<img fetchpriority=\"high\" decoding=\"async\" width=\"796\" height=\"1024\" src=\"https:\/\/luciecortes.com\/wp-content\/uploads\/2025\/10\/IMG_1864-796x1024.jpeg\" class=\"attachment-large size-large wp-image-167\" alt=\"Lucie Cort\u00e8s, Community Manager, Coach et formation r\u00e9seaux sociaux, pour les professionnels de la beaut\u00e9 et du bien-\u00eatre\" srcset=\"https:\/\/luciecortes.com\/wp-content\/uploads\/2025\/10\/IMG_1864-796x1024.jpeg 796w, https:\/\/luciecortes.com\/wp-content\/uploads\/2025\/10\/IMG_1864-233x300.jpeg 233w, https:\/\/luciecortes.com\/wp-content\/uploads\/2025\/10\/IMG_1864-768x988.jpeg 768w, https:\/\/luciecortes.com\/wp-content\/uploads\/2025\/10\/IMG_1864.jpeg 1179w\" sizes=\"(max-width: 796px) 100vw, 796px\" \/>\t\t\t\t\t\t\t\t\t\t\t\t\t\t\t<\/div>\n\t\t\t\t\t<\/div>\n\t\t\t\t<\/div>\n\t\t<div class=\"elementor-element elementor-element-3c057afc e-flex e-con-boxed e-con e-parent\" data-id=\"3c057afc\" data-element_type=\"container\" data-settings=\"{&quot;background_background&quot;:&quot;classic&quot;}\">\n\t\t\t\t\t<div class=\"e-con-inner\">\n\t\t\t\t<div class=\"elementor-element elementor-element-6ed30b49 elementor-widget elementor-widget-image\" data-id=\"6ed30b49\" data-element_type=\"widget\" data-widget_type=\"image.default\">\n\t\t\t\t\t\t\t\t\t\t\t\t\t\t\t<img decoding=\"async\" width=\"800\" height=\"450\" src=\"https:\/\/luciecortes.com\/wp-content\/uploads\/2025\/11\/Design-sans-titre-1024x576.png\" class=\"attachment-large size-large wp-image-620\" alt=\"Avis sur Lucie Cort\u00e8s, community manager, coaching et formation r\u00e9seaux sociaux, pour les professionnels de la beaut\u00e9 et du bien-\u00eatre\" srcset=\"https:\/\/luciecortes.com\/wp-content\/uploads\/2025\/11\/Design-sans-titre-1024x576.png 1024w, https:\/\/luciecortes.com\/wp-content\/uploads\/2025\/11\/Design-sans-titre-300x169.png 300w, https:\/\/luciecortes.com\/wp-content\/uploads\/2025\/11\/Design-sans-titre-768x432.png 768w, https:\/\/luciecortes.com\/wp-content\/uploads\/2025\/11\/Design-sans-titre-1536x864.png 1536w, https:\/\/luciecortes.com\/wp-content\/uploads\/2025\/11\/Design-sans-titre-2048x1152.png 2048w\" sizes=\"(max-width: 800px) 100vw, 800px\" \/>\t\t\t\t\t\t\t\t\t\t\t\t\t\t\t<\/div>\n\t\t\t\t<div class=\"elementor-element elementor-element-256a0fab elementor-align-center elementor-widget elementor-widget-button\" data-id=\"256a0fab\" data-element_type=\"widget\" data-widget_type=\"button.default\">\n\t\t\t\t\t\t\t\t\t\t<a class=\"elementor-button elementor-button-link elementor-size-sm elementor-animation-grow\" href=\"https:\/\/luciecortes.com\/?page_id=43\" target=\"_blank\">\n\t\t\t\t\t\t<span class=\"elementor-button-content-wrapper\">\n\t\t\t\t\t\t\t\t\t<span class=\"elementor-button-text\">D\u00e9couvre mes accompagnements \ud83d\ude80<\/span>\n\t\t\t\t\t<\/span>\n\t\t\t\t\t<\/a>\n\t\t\t\t\t\t\t\t<\/div>\n\t\t\t\t\t<\/div>\n\t\t\t\t<\/div>\n\t\t\t\t<\/div>\n\t\t","protected":false},"excerpt":{"rendered":"<p>Bienvenue dans mon univers ! Je suis Lucie, Community Manager et Coach r\u00e9seaux sociaux depuis + de 4 ans. Ces derni\u00e8res ann\u00e9es, j\u2019ai accompagn\u00e9 des professionnels\u00a0de tout horizon : instituts de beaut\u00e9, cliniques esth\u00e9tiques, centres de formation, infopreneurs (astrologue, love coach, agent immobilier, coach de vie\u2026) ou encore associations. Aujourd\u2019hui, il me tient \u00e0 coeur [&hellip;]<\/p>\n","protected":false},"author":1,"featured_media":0,"parent":0,"menu_order":0,"comment_status":"closed","ping_status":"closed","template":"","meta":{"footnotes":""},"class_list":["post-147","page","type-page","status-publish","hentry"],"yoast_head":"<!-- This site is optimized with the Yoast SEO plugin v26.4 - https:\/\/yoast.com\/wordpress\/plugins\/seo\/ -->\n<title>\u00c0 propos - Lucie Cort\u00e8s<\/title>\n<meta name=\"description\" content=\"Community Manager et Coach r\u00e9seaux sociaux depuis plus de 4 ans, sp\u00e9cialis\u00e9e dans la beaut\u00e9 et le bien-\u00eatre.\" \/>\n<meta name=\"robots\" content=\"index, follow, max-snippet:-1, max-image-preview:large, max-video-preview:-1\" \/>\n<link rel=\"canonical\" href=\"https:\/\/luciecortes.com\/?page_id=147\" \/>\n<meta property=\"og:locale\" content=\"fr_FR\" \/>\n<meta property=\"og:type\" content=\"article\" \/>\n<meta property=\"og:title\" content=\"\u00c0 propos - Lucie Cort\u00e8s\" \/>\n<meta property=\"og:description\" content=\"Community Manager et Coach r\u00e9seaux sociaux depuis plus de 4 ans, sp\u00e9cialis\u00e9e dans la beaut\u00e9 et le bien-\u00eatre.\" \/>\n<meta property=\"og:url\" content=\"https:\/\/luciecortes.com\/?page_id=147\" \/>\n<meta property=\"og:site_name\" content=\"Lucie Cort\u00e8s\" \/>\n<meta property=\"article:modified_time\" content=\"2025-12-04T18:39:32+00:00\" \/>\n<meta property=\"og:image\" content=\"https:\/\/luciecortes.com\/wp-content\/uploads\/2025\/10\/IMG_1864.jpeg\" \/>\n\t<meta property=\"og:image:width\" content=\"1179\" \/>\n\t<meta property=\"og:image:height\" content=\"1517\" \/>\n\t<meta property=\"og:image:type\" content=\"image\/jpeg\" \/>\n<meta name=\"twitter:card\" content=\"summary_large_image\" \/>\n<meta name=\"twitter:label1\" content=\"Dur\u00e9e de lecture estim\u00e9e\" \/>\n\t<meta name=\"twitter:data1\" content=\"1 minute\" \/>\n<script type=\"application\/ld+json\" class=\"yoast-schema-graph\">{\"@context\":\"https:\/\/schema.org\",\"@graph\":[{\"@type\":\"WebPage\",\"@id\":\"https:\/\/luciecortes.com\/?page_id=147\",\"url\":\"https:\/\/luciecortes.com\/?page_id=147\",\"name\":\"\u00c0 propos - Lucie Cort\u00e8s\",\"isPartOf\":{\"@id\":\"https:\/\/luciecortes.com\/#website\"},\"primaryImageOfPage\":{\"@id\":\"https:\/\/luciecortes.com\/?page_id=147#primaryimage\"},\"image\":{\"@id\":\"https:\/\/luciecortes.com\/?page_id=147#primaryimage\"},\"thumbnailUrl\":\"https:\/\/luciecortes.com\/wp-content\/uploads\/2025\/10\/IMG_1864-796x1024.jpeg\",\"datePublished\":\"2025-10-25T11:33:07+00:00\",\"dateModified\":\"2025-12-04T18:39:32+00:00\",\"description\":\"Community Manager et Coach r\u00e9seaux sociaux depuis plus de 4 ans, sp\u00e9cialis\u00e9e dans la beaut\u00e9 et le bien-\u00eatre.\",\"breadcrumb\":{\"@id\":\"https:\/\/luciecortes.com\/?page_id=147#breadcrumb\"},\"inLanguage\":\"fr-FR\",\"potentialAction\":[{\"@type\":\"ReadAction\",\"target\":[\"https:\/\/luciecortes.com\/?page_id=147\"]}]},{\"@type\":\"ImageObject\",\"inLanguage\":\"fr-FR\",\"@id\":\"https:\/\/luciecortes.com\/?page_id=147#primaryimage\",\"url\":\"https:\/\/luciecortes.com\/wp-content\/uploads\/2025\/10\/IMG_1864.jpeg\",\"contentUrl\":\"https:\/\/luciecortes.com\/wp-content\/uploads\/2025\/10\/IMG_1864.jpeg\",\"width\":1179,\"height\":1517,\"caption\":\"lucie-cortes-community-manager-coach-formation-clients-r\u00e9seaux-sociaux-beaut\u00e9-bienetre\"},{\"@type\":\"BreadcrumbList\",\"@id\":\"https:\/\/luciecortes.com\/?page_id=147#breadcrumb\",\"itemListElement\":[{\"@type\":\"ListItem\",\"position\":1,\"name\":\"Accueil\",\"item\":\"https:\/\/luciecortes.com\/\"},{\"@type\":\"ListItem\",\"position\":2,\"name\":\"\u00c0 propos\"}]},{\"@type\":\"WebSite\",\"@id\":\"https:\/\/luciecortes.com\/#website\",\"url\":\"https:\/\/luciecortes.com\/\",\"name\":\"Lucie Cort\u00e8s\",\"description\":\"\",\"publisher\":{\"@id\":\"https:\/\/luciecortes.com\/#organization\"},\"potentialAction\":[{\"@type\":\"SearchAction\",\"target\":{\"@type\":\"EntryPoint\",\"urlTemplate\":\"https:\/\/luciecortes.com\/?s={search_term_string}\"},\"query-input\":{\"@type\":\"PropertyValueSpecification\",\"valueRequired\":true,\"valueName\":\"search_term_string\"}}],\"inLanguage\":\"fr-FR\"},{\"@type\":\"Organization\",\"@id\":\"https:\/\/luciecortes.com\/#organization\",\"name\":\"Lucie Cort\u00e8s\",\"url\":\"https:\/\/luciecortes.com\/\",\"logo\":{\"@type\":\"ImageObject\",\"inLanguage\":\"fr-FR\",\"@id\":\"https:\/\/luciecortes.com\/#\/schema\/logo\/image\/\",\"url\":\"https:\/\/luciecortes.com\/wp-content\/uploads\/2025\/10\/Lucie-Identites-visuelles.png\",\"contentUrl\":\"https:\/\/luciecortes.com\/wp-content\/uploads\/2025\/10\/Lucie-Identites-visuelles.png\",\"width\":1563,\"height\":1563,\"caption\":\"Lucie Cort\u00e8s\"},\"image\":{\"@id\":\"https:\/\/luciecortes.com\/#\/schema\/logo\/image\/\"}}]}<\/script>\n<!-- \/ Yoast SEO plugin. -->","yoast_head_json":{"title":"\u00c0 propos - Lucie Cort\u00e8s","description":"Community Manager et Coach r\u00e9seaux sociaux depuis plus de 4 ans, sp\u00e9cialis\u00e9e dans la beaut\u00e9 et le bien-\u00eatre.","robots":{"index":"index","follow":"follow","max-snippet":"max-snippet:-1","max-image-preview":"max-image-preview:large","max-video-preview":"max-video-preview:-1"},"canonical":"https:\/\/luciecortes.com\/?page_id=147","og_locale":"fr_FR","og_type":"article","og_title":"\u00c0 propos - Lucie Cort\u00e8s","og_description":"Community Manager et Coach r\u00e9seaux sociaux depuis plus de 4 ans, sp\u00e9cialis\u00e9e dans la beaut\u00e9 et le bien-\u00eatre.","og_url":"https:\/\/luciecortes.com\/?page_id=147","og_site_name":"Lucie Cort\u00e8s","article_modified_time":"2025-12-04T18:39:32+00:00","og_image":[{"width":1179,"height":1517,"url":"https:\/\/luciecortes.com\/wp-content\/uploads\/2025\/10\/IMG_1864.jpeg","type":"image\/jpeg"}],"twitter_card":"summary_large_image","twitter_misc":{"Dur\u00e9e de lecture estim\u00e9e":"1 minute"},"schema":{"@context":"https:\/\/schema.org","@graph":[{"@type":"WebPage","@id":"https:\/\/luciecortes.com\/?page_id=147","url":"https:\/\/luciecortes.com\/?page_id=147","name":"\u00c0 propos - Lucie Cort\u00e8s","isPartOf":{"@id":"https:\/\/luciecortes.com\/#website"},"primaryImageOfPage":{"@id":"https:\/\/luciecortes.com\/?page_id=147#primaryimage"},"image":{"@id":"https:\/\/luciecortes.com\/?page_id=147#primaryimage"},"thumbnailUrl":"https:\/\/luciecortes.com\/wp-content\/uploads\/2025\/10\/IMG_1864-796x1024.jpeg","datePublished":"2025-10-25T11:33:07+00:00","dateModified":"2025-12-04T18:39:32+00:00","description":"Community Manager et Coach r\u00e9seaux sociaux depuis plus de 4 ans, sp\u00e9cialis\u00e9e dans la beaut\u00e9 et le bien-\u00eatre.","breadcrumb":{"@id":"https:\/\/luciecortes.com\/?page_id=147#breadcrumb"},"inLanguage":"fr-FR","potentialAction":[{"@type":"ReadAction","target":["https:\/\/luciecortes.com\/?page_id=147"]}]},{"@type":"ImageObject","inLanguage":"fr-FR","@id":"https:\/\/luciecortes.com\/?page_id=147#primaryimage","url":"https:\/\/luciecortes.com\/wp-content\/uploads\/2025\/10\/IMG_1864.jpeg","contentUrl":"https:\/\/luciecortes.com\/wp-content\/uploads\/2025\/10\/IMG_1864.jpeg","width":1179,"height":1517,"caption":"lucie-cortes-community-manager-coach-formation-clients-r\u00e9seaux-sociaux-beaut\u00e9-bienetre"},{"@type":"BreadcrumbList","@id":"https:\/\/luciecortes.com\/?page_id=147#breadcrumb","itemListElement":[{"@type":"ListItem","position":1,"name":"Accueil","item":"https:\/\/luciecortes.com\/"},{"@type":"ListItem","position":2,"name":"\u00c0 propos"}]},{"@type":"WebSite","@id":"https:\/\/luciecortes.com\/#website","url":"https:\/\/luciecortes.com\/","name":"Lucie Cort\u00e8s","description":"","publisher":{"@id":"https:\/\/luciecortes.com\/#organization"},"potentialAction":[{"@type":"SearchAction","target":{"@type":"EntryPoint","urlTemplate":"https:\/\/luciecortes.com\/?s={search_term_string}"},"query-input":{"@type":"PropertyValueSpecification","valueRequired":true,"valueName":"search_term_string"}}],"inLanguage":"fr-FR"},{"@type":"Organization","@id":"https:\/\/luciecortes.com\/#organization","name":"Lucie Cort\u00e8s","url":"https:\/\/luciecortes.com\/","logo":{"@type":"ImageObject","inLanguage":"fr-FR","@id":"https:\/\/luciecortes.com\/#\/schema\/logo\/image\/","url":"https:\/\/luciecortes.com\/wp-content\/uploads\/2025\/10\/Lucie-Identites-visuelles.png","contentUrl":"https:\/\/luciecortes.com\/wp-content\/uploads\/2025\/10\/Lucie-Identites-visuelles.png","width":1563,"height":1563,"caption":"Lucie Cort\u00e8s"},"image":{"@id":"https:\/\/luciecortes.com\/#\/schema\/logo\/image\/"}}]}},"_links":{"self":[{"href":"https:\/\/luciecortes.com\/index.php?rest_route=\/wp\/v2\/pages\/147","targetHints":{"allow":["GET"]}}],"collection":[{"href":"https:\/\/luciecortes.com\/index.php?rest_route=\/wp\/v2\/pages"}],"about":[{"href":"https:\/\/luciecortes.com\/index.php?rest_route=\/wp\/v2\/types\/page"}],"author":[{"embeddable":true,"href":"https:\/\/luciecortes.com\/index.php?rest_route=\/wp\/v2\/users\/1"}],"replies":[{"embeddable":true,"href":"https:\/\/luciecortes.com\/index.php?rest_route=%2Fwp%2Fv2%2Fcomments&post=147"}],"version-history":[{"count":61,"href":"https:\/\/luciecortes.com\/index.php?rest_route=\/wp\/v2\/pages\/147\/revisions"}],"predecessor-version":[{"id":943,"href":"https:\/\/luciecortes.com\/index.php?rest_route=\/wp\/v2\/pages\/147\/revisions\/943"}],"wp:attachment":[{"href":"https:\/\/luciecortes.com\/index.php?rest_route=%2Fwp%2Fv2%2Fmedia&parent=147"}],"curies":[{"name":"wp","href":"https:\/\/api.w.org\/{rel}","templated":true}]}}