{"id":318,"date":"2025-11-17T11:29:50","date_gmt":"2025-11-17T10:29:50","guid":{"rendered":"https:\/\/luciecortes.com\/?page_id=318"},"modified":"2025-12-04T15:44:52","modified_gmt":"2025-12-04T14:44:52","slug":"le-coaching-ultra-personnalise","status":"publish","type":"page","link":"https:\/\/luciecortes.com\/?page_id=318","title":{"rendered":"Le coaching ultra personnalis\u00e9"},"content":{"rendered":"\t\t<div data-elementor-type=\"wp-page\" data-elementor-id=\"318\" class=\"elementor elementor-318\" data-elementor-post-type=\"page\">\n\t\t\t\t<div class=\"elementor-element elementor-element-6317f320 e-con-full e-flex e-con e-parent\" data-id=\"6317f320\" data-element_type=\"container\" data-settings=\"{&quot;background_background&quot;:&quot;classic&quot;}\">\n\t\t\t\t<div class=\"elementor-element elementor-element-5a8bf905 elementor-widget elementor-widget-text-editor\" data-id=\"5a8bf905\" data-element_type=\"widget\" data-widget_type=\"text-editor.default\">\n\t\t\t\t\t\t\t\t\t<p>Le coaching uuultra personnalis\u00e9<\/p>\t\t\t\t\t\t\t\t<\/div>\n\t\t\t\t<div class=\"elementor-element elementor-element-7ff21af7 elementor-widget elementor-widget-heading\" data-id=\"7ff21af7\" data-element_type=\"widget\" data-widget_type=\"heading.default\">\n\t\t\t\t\t<h1 class=\"elementor-heading-title elementor-size-default\">Un <b>coaching<\/b> pour te guider dans la gestion de tes <b>r\u00e9seaux sociaux<\/b>, pens\u00e9 pour booster ta <b>visibilit\u00e9<\/b>&nbsp;et tes&nbsp;<b>ventes<\/b> !<\/h1>\t\t\t\t<\/div>\n\t\t\t\t<div class=\"elementor-element elementor-element-33b6ef30 elementor-widget elementor-widget-text-editor\" data-id=\"33b6ef30\" data-element_type=\"widget\" data-widget_type=\"text-editor.default\">\n\t\t\t\t\t\t\t\t\t<p>Tu y retrouveras tout ce qu\u2019il y a dans la formation <span style=\"text-decoration: underline;\"><a href=\"https:\/\/luciecortes.com\/?page_id=316\" target=\"_blank\" rel=\"noopener\">\u00ab\u00a0Brille aujourd&rsquo;hui\u00a0\u00bb<\/a><\/span> mais en <strong class=\"semi-bold\"> version personnalis\u00e9e ++ <\/strong> !<\/p>\t\t\t\t\t\t\t\t<\/div>\n\t\t\t\t<\/div>\n\t\t<div class=\"elementor-element elementor-element-34b7b5a1 e-flex e-con-boxed e-con e-parent\" data-id=\"34b7b5a1\" data-element_type=\"container\" data-settings=\"{&quot;background_background&quot;:&quot;classic&quot;}\">\n\t\t\t\t\t<div class=\"e-con-inner\">\n\t\t<div class=\"elementor-element elementor-element-63894968 e-con-full e-flex e-con e-child\" data-id=\"63894968\" data-element_type=\"container\">\n\t\t\t\t<div class=\"elementor-element elementor-element-c93253c elementor-widget elementor-widget-image\" data-id=\"c93253c\" data-element_type=\"widget\" data-widget_type=\"image.default\">\n\t\t\t\t\t\t\t\t\t\t\t\t\t\t\t<img fetchpriority=\"high\" decoding=\"async\" width=\"800\" height=\"1000\" src=\"https:\/\/luciecortes.com\/wp-content\/uploads\/2025\/11\/2-819x1024.jpg\" class=\"attachment-large size-large wp-image-653\" alt=\"Coaching personnalis\u00e9 pour apprendre \u00e0 g\u00e9rer ses r\u00e9seaux sociaux, communication digitale, attirer des clients, gagner en visibilit\u00e9, institut de beaut\u00e9, infopreneur, formation, beaut\u00e9 et bien-\u00eatre\" srcset=\"https:\/\/luciecortes.com\/wp-content\/uploads\/2025\/11\/2-819x1024.jpg 819w, https:\/\/luciecortes.com\/wp-content\/uploads\/2025\/11\/2-240x300.jpg 240w, https:\/\/luciecortes.com\/wp-content\/uploads\/2025\/11\/2-768x960.jpg 768w, https:\/\/luciecortes.com\/wp-content\/uploads\/2025\/11\/2-1229x1536.jpg 1229w, https:\/\/luciecortes.com\/wp-content\/uploads\/2025\/11\/2-1638x2048.jpg 1638w, https:\/\/luciecortes.com\/wp-content\/uploads\/2025\/11\/2-scaled.jpg 2048w\" sizes=\"(max-width: 800px) 100vw, 800px\" \/>\t\t\t\t\t\t\t\t\t\t\t\t\t\t\t<\/div>\n\t\t\t\t<\/div>\n\t\t<div class=\"elementor-element elementor-element-4b097738 e-con-full e-flex e-con e-child\" data-id=\"4b097738\" data-element_type=\"container\">\n\t\t\t\t<div class=\"elementor-element elementor-element-41d52776 elementor-widget elementor-widget-text-editor\" data-id=\"41d52776\" data-element_type=\"widget\" data-widget_type=\"text-editor.default\">\n\t\t\t\t\t\t\t\t\tIci, chaque point sera abord\u00e9, trait\u00e9 et finalis\u00e9\u00a0<strong class=\"semi-bold\">en t\u00eate-\u00e0-t\u00eate<\/strong> ! <em>Juste toi et moi, pour avancer vite et bien !<\/em>\t\t\t\t\t\t\t\t<\/div>\n\t\t\t\t<div class=\"elementor-element elementor-element-444fc2dc elementor-widget elementor-widget-heading\" data-id=\"444fc2dc\" data-element_type=\"widget\" data-widget_type=\"heading.default\">\n\t\t\t\t\t<h2 class=\"elementor-heading-title elementor-size-default\">L\u2019avantage ?\nTu b\u00e9n\u00e9ficieras d\u2019une <b>communication<\/b>&nbsp;valid\u00e9e, optimis\u00e9e et <b>strat\u00e9gique<\/b>&nbsp;\u00e0 chaque \u00e9tape.<\/h2>\t\t\t\t<\/div>\n\t\t\t\t<div class=\"elementor-element elementor-element-750c6819 elementor-widget elementor-widget-text-editor\" data-id=\"750c6819\" data-element_type=\"widget\" data-widget_type=\"text-editor.default\">\n\t\t\t\t\t\t\t\t\t<p>Au programme :<\/p>\t\t\t\t\t\t\t\t<\/div>\n\t\t\t\t<div class=\"elementor-element elementor-element-1f4f9ea elementor-widget elementor-widget-text-editor\" data-id=\"1f4f9ea\" data-element_type=\"widget\" data-widget_type=\"text-editor.default\">\n\t\t\t\t\t\t\t\t\t<p>\u2714\ufe0f\u00a0Une <strong class=\"semi-bold\">co-construction de ta communication<\/strong>, pour t\u2019aider \u00e0 convertir et publier avec r\u00e9gularit\u00e9 (+ possibilit\u00e9 de me confier la <strong class=\"semi-bold\"> cr\u00e9ation de ton identit\u00e9 visuelle<\/strong>)<\/p><p>\u2714\ufe0f Des feedbacks et diagnostics d\u00e9taill\u00e9s, <strong class=\"semi-bold\"> en temps r\u00e9el <\/strong><\/p><p>\u2714\ufe0f Une mise en place d\u2019<strong class=\"semi-bold\">actions personnalis\u00e9es<\/strong>, en tenant compte de TON activit\u00e9 et de TES objectifs <i>(tu n\u2019auras plus besoin de te compliquer la vie avec des actions qui ne collent pas \u00e0 tes besoins et, inversement, tu ne passeras plus \u00e0 c\u00f4t\u00e9 de ce qui t\u2019est pourtant essentiel !)<\/i><\/p><p>\u2714\ufe0f\u00a0Un <strong class=\"semi-bold\">accompagnement vraaaiment sur-mesure<\/strong> : s\u00e9ances de coaching en visio + conversation WhatsApp priv\u00e9e (r\u00e9ponses en moins de 24h)<\/p>\t\t\t\t\t\t\t\t<\/div>\n\t\t\t\t<\/div>\n\t\t\t\t\t<\/div>\n\t\t\t\t<\/div>\n\t\t<div class=\"elementor-element elementor-element-2fcf2cc7 e-flex e-con-boxed e-con e-parent\" data-id=\"2fcf2cc7\" data-element_type=\"container\" data-settings=\"{&quot;background_background&quot;:&quot;classic&quot;}\">\n\t\t\t\t\t<div class=\"e-con-inner\">\n\t\t<div class=\"elementor-element elementor-element-4384ee92 e-con-full e-flex e-con e-child\" data-id=\"4384ee92\" data-element_type=\"container\">\n\t\t\t\t<div class=\"elementor-element elementor-element-ce19808 elementor-widget elementor-widget-heading\" data-id=\"ce19808\" data-element_type=\"widget\" data-widget_type=\"heading.default\">\n\t\t\t\t\t<h3 class=\"elementor-heading-title elementor-size-default\">Choisir ce coaching, c\u2019est ainsi la garantie de te faire conseiller et guider <strong class=\"semi-bold\">en 1:1<\/strong>, avec un <strong class=\"semi-bold\">suivi<\/strong> et un <strong class=\"semi-bold\">syst\u00e8me durable<\/strong>, pens\u00e9 exclusivement POUR TOI.<\/h3>\t\t\t\t<\/div>\n\t\t\t\t<div class=\"elementor-element elementor-element-7f6b4ef elementor-widget elementor-widget-text-editor\" data-id=\"7f6b4ef\" data-element_type=\"widget\" data-widget_type=\"text-editor.default\">\n\t\t\t\t\t\t\t\t\t<strong class=\"semi-bold\"> SUR DEVIS<\/strong>\t\t\t\t\t\t\t\t<\/div>\n\t\t\t\t<div class=\"elementor-element elementor-element-4c063010 elementor-align-center elementor-widget elementor-widget-button\" data-id=\"4c063010\" data-element_type=\"widget\" data-widget_type=\"button.default\">\n\t\t\t\t\t\t\t\t\t\t<a class=\"elementor-button elementor-button-link elementor-size-sm elementor-animation-grow\" href=\"https:\/\/luciecortes.com\/?page_id=45\" target=\"_blank\">\n\t\t\t\t\t\t<span class=\"elementor-button-content-wrapper\">\n\t\t\t\t\t\t\t\t\t<span class=\"elementor-button-text\">Je souhaite en savoir + \ud83d\ude80<\/span>\n\t\t\t\t\t<\/span>\n\t\t\t\t\t<\/a>\n\t\t\t\t\t\t\t\t<\/div>\n\t\t\t\t<\/div>\n\t\t\t\t\t<\/div>\n\t\t\t\t<\/div>\n\t\t\t\t<\/div>\n\t\t","protected":false},"excerpt":{"rendered":"<p>Le coaching uuultra personnalis\u00e9 Un coaching pour te guider dans la gestion de tes r\u00e9seaux sociaux, pens\u00e9 pour booster ta visibilit\u00e9&nbsp;et tes&nbsp;ventes ! Tu y retrouveras tout ce qu\u2019il y a dans la formation \u00ab\u00a0Brille aujourd&rsquo;hui\u00a0\u00bb mais en version personnalis\u00e9e ++ ! Ici, chaque point sera abord\u00e9, trait\u00e9 et finalis\u00e9\u00a0en t\u00eate-\u00e0-t\u00eate ! Juste toi et [&hellip;]<\/p>\n","protected":false},"author":1,"featured_media":0,"parent":0,"menu_order":0,"comment_status":"closed","ping_status":"closed","template":"elementor_header_footer","meta":{"footnotes":""},"class_list":["post-318","page","type-page","status-publish","hentry"],"yoast_head":"<!-- This site is optimized with the Yoast SEO plugin v26.4 - https:\/\/yoast.com\/wordpress\/plugins\/seo\/ -->\n<title>Le coaching ultra personnalis\u00e9 - Lucie Cort\u00e8s<\/title>\n<meta name=\"description\" content=\"Fais-toi coacher, guider et accompagner en 1:1 pour apprendre \u00e0 g\u00e9rer tes r\u00e9seaux sociaux et attirer des clients naturellement !\" \/>\n<meta name=\"robots\" content=\"index, follow, max-snippet:-1, max-image-preview:large, max-video-preview:-1\" \/>\n<link rel=\"canonical\" href=\"https:\/\/luciecortes.com\/?page_id=318\" \/>\n<meta property=\"og:locale\" content=\"fr_FR\" \/>\n<meta property=\"og:type\" content=\"article\" \/>\n<meta property=\"og:title\" content=\"Le coaching ultra personnalis\u00e9 - Lucie Cort\u00e8s\" \/>\n<meta property=\"og:description\" content=\"Fais-toi coacher, guider et accompagner en 1:1 pour apprendre \u00e0 g\u00e9rer tes r\u00e9seaux sociaux et attirer des clients naturellement !\" \/>\n<meta property=\"og:url\" content=\"https:\/\/luciecortes.com\/?page_id=318\" \/>\n<meta property=\"og:site_name\" content=\"Lucie Cort\u00e8s\" \/>\n<meta property=\"article:modified_time\" content=\"2025-12-04T14:44:52+00:00\" \/>\n<meta property=\"og:image\" content=\"https:\/\/luciecortes.com\/wp-content\/uploads\/2025\/11\/2-scaled.jpg\" \/>\n\t<meta property=\"og:image:width\" content=\"2048\" \/>\n\t<meta property=\"og:image:height\" content=\"2560\" \/>\n\t<meta property=\"og:image:type\" content=\"image\/jpeg\" \/>\n<meta name=\"twitter:card\" content=\"summary_large_image\" \/>\n<meta name=\"twitter:label1\" content=\"Dur\u00e9e de lecture estim\u00e9e\" \/>\n\t<meta name=\"twitter:data1\" content=\"2 minutes\" \/>\n<script type=\"application\/ld+json\" class=\"yoast-schema-graph\">{\"@context\":\"https:\/\/schema.org\",\"@graph\":[{\"@type\":\"WebPage\",\"@id\":\"https:\/\/luciecortes.com\/?page_id=318\",\"url\":\"https:\/\/luciecortes.com\/?page_id=318\",\"name\":\"Le coaching ultra personnalis\u00e9 - Lucie Cort\u00e8s\",\"isPartOf\":{\"@id\":\"https:\/\/luciecortes.com\/#website\"},\"primaryImageOfPage\":{\"@id\":\"https:\/\/luciecortes.com\/?page_id=318#primaryimage\"},\"image\":{\"@id\":\"https:\/\/luciecortes.com\/?page_id=318#primaryimage\"},\"thumbnailUrl\":\"https:\/\/luciecortes.com\/wp-content\/uploads\/2025\/11\/2-819x1024.jpg\",\"datePublished\":\"2025-11-17T10:29:50+00:00\",\"dateModified\":\"2025-12-04T14:44:52+00:00\",\"description\":\"Fais-toi coacher, guider et accompagner en 1:1 pour apprendre \u00e0 g\u00e9rer tes r\u00e9seaux sociaux et attirer des clients naturellement !\",\"breadcrumb\":{\"@id\":\"https:\/\/luciecortes.com\/?page_id=318#breadcrumb\"},\"inLanguage\":\"fr-FR\",\"potentialAction\":[{\"@type\":\"ReadAction\",\"target\":[\"https:\/\/luciecortes.com\/?page_id=318\"]}]},{\"@type\":\"ImageObject\",\"inLanguage\":\"fr-FR\",\"@id\":\"https:\/\/luciecortes.com\/?page_id=318#primaryimage\",\"url\":\"https:\/\/luciecortes.com\/wp-content\/uploads\/2025\/11\/2-scaled.jpg\",\"contentUrl\":\"https:\/\/luciecortes.com\/wp-content\/uploads\/2025\/11\/2-scaled.jpg\",\"width\":2048,\"height\":2560,\"caption\":\"coaching-personnalis\u00e9-r\u00e9seaux-sociaux-communication-digitale-nouveaux-clients-visibilit\u00e9-abonn\u00e9s-institut-de-beaut\u00e9-infopreneur-bien-\u00eatre\"},{\"@type\":\"BreadcrumbList\",\"@id\":\"https:\/\/luciecortes.com\/?page_id=318#breadcrumb\",\"itemListElement\":[{\"@type\":\"ListItem\",\"position\":1,\"name\":\"Accueil\",\"item\":\"https:\/\/luciecortes.com\/\"},{\"@type\":\"ListItem\",\"position\":2,\"name\":\"Le coaching ultra personnalis\u00e9\"}]},{\"@type\":\"WebSite\",\"@id\":\"https:\/\/luciecortes.com\/#website\",\"url\":\"https:\/\/luciecortes.com\/\",\"name\":\"Lucie Cort\u00e8s\",\"description\":\"\",\"publisher\":{\"@id\":\"https:\/\/luciecortes.com\/#organization\"},\"potentialAction\":[{\"@type\":\"SearchAction\",\"target\":{\"@type\":\"EntryPoint\",\"urlTemplate\":\"https:\/\/luciecortes.com\/?s={search_term_string}\"},\"query-input\":{\"@type\":\"PropertyValueSpecification\",\"valueRequired\":true,\"valueName\":\"search_term_string\"}}],\"inLanguage\":\"fr-FR\"},{\"@type\":\"Organization\",\"@id\":\"https:\/\/luciecortes.com\/#organization\",\"name\":\"Lucie Cort\u00e8s\",\"url\":\"https:\/\/luciecortes.com\/\",\"logo\":{\"@type\":\"ImageObject\",\"inLanguage\":\"fr-FR\",\"@id\":\"https:\/\/luciecortes.com\/#\/schema\/logo\/image\/\",\"url\":\"https:\/\/luciecortes.com\/wp-content\/uploads\/2025\/10\/Lucie-Identites-visuelles.png\",\"contentUrl\":\"https:\/\/luciecortes.com\/wp-content\/uploads\/2025\/10\/Lucie-Identites-visuelles.png\",\"width\":1563,\"height\":1563,\"caption\":\"Lucie Cort\u00e8s\"},\"image\":{\"@id\":\"https:\/\/luciecortes.com\/#\/schema\/logo\/image\/\"}}]}<\/script>\n<!-- \/ Yoast SEO plugin. -->","yoast_head_json":{"title":"Le coaching ultra personnalis\u00e9 - Lucie Cort\u00e8s","description":"Fais-toi coacher, guider et accompagner en 1:1 pour apprendre \u00e0 g\u00e9rer tes r\u00e9seaux sociaux et attirer des clients naturellement !","robots":{"index":"index","follow":"follow","max-snippet":"max-snippet:-1","max-image-preview":"max-image-preview:large","max-video-preview":"max-video-preview:-1"},"canonical":"https:\/\/luciecortes.com\/?page_id=318","og_locale":"fr_FR","og_type":"article","og_title":"Le coaching ultra personnalis\u00e9 - Lucie Cort\u00e8s","og_description":"Fais-toi coacher, guider et accompagner en 1:1 pour apprendre \u00e0 g\u00e9rer tes r\u00e9seaux sociaux et attirer des clients naturellement !","og_url":"https:\/\/luciecortes.com\/?page_id=318","og_site_name":"Lucie Cort\u00e8s","article_modified_time":"2025-12-04T14:44:52+00:00","og_image":[{"width":2048,"height":2560,"url":"https:\/\/luciecortes.com\/wp-content\/uploads\/2025\/11\/2-scaled.jpg","type":"image\/jpeg"}],"twitter_card":"summary_large_image","twitter_misc":{"Dur\u00e9e de lecture estim\u00e9e":"2 minutes"},"schema":{"@context":"https:\/\/schema.org","@graph":[{"@type":"WebPage","@id":"https:\/\/luciecortes.com\/?page_id=318","url":"https:\/\/luciecortes.com\/?page_id=318","name":"Le coaching ultra personnalis\u00e9 - Lucie Cort\u00e8s","isPartOf":{"@id":"https:\/\/luciecortes.com\/#website"},"primaryImageOfPage":{"@id":"https:\/\/luciecortes.com\/?page_id=318#primaryimage"},"image":{"@id":"https:\/\/luciecortes.com\/?page_id=318#primaryimage"},"thumbnailUrl":"https:\/\/luciecortes.com\/wp-content\/uploads\/2025\/11\/2-819x1024.jpg","datePublished":"2025-11-17T10:29:50+00:00","dateModified":"2025-12-04T14:44:52+00:00","description":"Fais-toi coacher, guider et accompagner en 1:1 pour apprendre \u00e0 g\u00e9rer tes r\u00e9seaux sociaux et attirer des clients naturellement !","breadcrumb":{"@id":"https:\/\/luciecortes.com\/?page_id=318#breadcrumb"},"inLanguage":"fr-FR","potentialAction":[{"@type":"ReadAction","target":["https:\/\/luciecortes.com\/?page_id=318"]}]},{"@type":"ImageObject","inLanguage":"fr-FR","@id":"https:\/\/luciecortes.com\/?page_id=318#primaryimage","url":"https:\/\/luciecortes.com\/wp-content\/uploads\/2025\/11\/2-scaled.jpg","contentUrl":"https:\/\/luciecortes.com\/wp-content\/uploads\/2025\/11\/2-scaled.jpg","width":2048,"height":2560,"caption":"coaching-personnalis\u00e9-r\u00e9seaux-sociaux-communication-digitale-nouveaux-clients-visibilit\u00e9-abonn\u00e9s-institut-de-beaut\u00e9-infopreneur-bien-\u00eatre"},{"@type":"BreadcrumbList","@id":"https:\/\/luciecortes.com\/?page_id=318#breadcrumb","itemListElement":[{"@type":"ListItem","position":1,"name":"Accueil","item":"https:\/\/luciecortes.com\/"},{"@type":"ListItem","position":2,"name":"Le coaching ultra personnalis\u00e9"}]},{"@type":"WebSite","@id":"https:\/\/luciecortes.com\/#website","url":"https:\/\/luciecortes.com\/","name":"Lucie Cort\u00e8s","description":"","publisher":{"@id":"https:\/\/luciecortes.com\/#organization"},"potentialAction":[{"@type":"SearchAction","target":{"@type":"EntryPoint","urlTemplate":"https:\/\/luciecortes.com\/?s={search_term_string}"},"query-input":{"@type":"PropertyValueSpecification","valueRequired":true,"valueName":"search_term_string"}}],"inLanguage":"fr-FR"},{"@type":"Organization","@id":"https:\/\/luciecortes.com\/#organization","name":"Lucie Cort\u00e8s","url":"https:\/\/luciecortes.com\/","logo":{"@type":"ImageObject","inLanguage":"fr-FR","@id":"https:\/\/luciecortes.com\/#\/schema\/logo\/image\/","url":"https:\/\/luciecortes.com\/wp-content\/uploads\/2025\/10\/Lucie-Identites-visuelles.png","contentUrl":"https:\/\/luciecortes.com\/wp-content\/uploads\/2025\/10\/Lucie-Identites-visuelles.png","width":1563,"height":1563,"caption":"Lucie Cort\u00e8s"},"image":{"@id":"https:\/\/luciecortes.com\/#\/schema\/logo\/image\/"}}]}},"_links":{"self":[{"href":"https:\/\/luciecortes.com\/index.php?rest_route=\/wp\/v2\/pages\/318","targetHints":{"allow":["GET"]}}],"collection":[{"href":"https:\/\/luciecortes.com\/index.php?rest_route=\/wp\/v2\/pages"}],"about":[{"href":"https:\/\/luciecortes.com\/index.php?rest_route=\/wp\/v2\/types\/page"}],"author":[{"embeddable":true,"href":"https:\/\/luciecortes.com\/index.php?rest_route=\/wp\/v2\/users\/1"}],"replies":[{"embeddable":true,"href":"https:\/\/luciecortes.com\/index.php?rest_route=%2Fwp%2Fv2%2Fcomments&post=318"}],"version-history":[{"count":35,"href":"https:\/\/luciecortes.com\/index.php?rest_route=\/wp\/v2\/pages\/318\/revisions"}],"predecessor-version":[{"id":940,"href":"https:\/\/luciecortes.com\/index.php?rest_route=\/wp\/v2\/pages\/318\/revisions\/940"}],"wp:attachment":[{"href":"https:\/\/luciecortes.com\/index.php?rest_route=%2Fwp%2Fv2%2Fmedia&parent=318"}],"curies":[{"name":"wp","href":"https:\/\/api.w.org\/{rel}","templated":true}]}}